- 9?
41
What is the value of (0 - 30) + (76 + 78 - 172)?
-48
(1 + (-1 - (3 + 6)) - -10) + -6 - -17
12
Evaluate (-61 + 7 - -15) + (2 - 12) - 7.
-56
What is -55 - -34 - 43 - -51?
-13
3 + 1 - (26 + -11 - (23 + -2) - -5)
5
Calculate -2 + -4 - (25 + 10 - -2 - 21).
-22
Calculate -3 - (-31 + 21 - 4) - -9.
20
What is the value of 14 - (-7 + (-12 - (-21 - -10)))?
22
20 + -35 + (1 - 1) - -36
21
Calculate -8 - ((-971 - -1011) + (4 - 0 - -3)).
-55
Evaluate 4 - (28 - 30) - (16 + -3).
-7
What is the value of -1 - 15 - (9 - (-4 + 26)) - -24?
21
Evaluate 6 + 56 + (-108 - -13).
-33
Evaluate -159 + 107 + 63 + -53.
-42
What is the value of 13 + 5 + -8 + -2 + -32?
-24
Evaluate (-112 - -128 - 5) + (0 - 0).
11
Evaluate (-384 + 156 - -103) + 84.
-41
What is the value of ((-6 - -5) + -14 - (3 - 3)) + 2?
-13
(-18 + -12 - -20 - -6 - 13) + 86
69
-710 + 643 - (-161 + -2)
96
(0 - 18) + 48 + -3
27
Evaluate (-29 - (219 + -223)) + -6 + 0.
-31
((-10 - 9) + (-43 - -38) - -15) + -47 + 0
-56
(2 - ((-2 + 4 - 0) + 29)) + (-15908 - -15900)
-37
What is the value of -12 + 6 + 17 + (-32 - 6)?
-27
What is -300 - -222 - (-47 - -17)?
-48
Calculate 29 + 2 + -120 + 49.
-40
(-138 - (-12 + -75)) + (1 - -1) + (2 - 1)
-48
Evaluate -12 - 1 - (-105 + (-51 - -160)).
-17
What is -15 - (-9 - (-12 - (-20 + 3)))?
-1
What is the value of -468 + 544 - (0 + 28)?
48
5 + (1 - -14) - (-5 - 1)
26
Evaluate (38 - -1) + 24 + 0 + (-24 + 16 - 16).
39
44 + -2 - ((-10 - (10 - 42) - 8) + -10)
38
Calculate -12 + 7 - (20 - (-18 + 3)).
-40
(-194 - 58 - -171) + (-20 - -1)
-100
Evaluate -41 - (23 + -24) - (-6 - -2).
-36
What is the value of -67 + (26 - (54 + 3 + -21)) + (1 - -3)?
-73
Calculate 9 + (-206 - (5 + -95) - (1 + (7 - 1))).
-114
5 + (45 - 9) + -28
13
Calculate (-1143 - -1203) + (7 - 20).
47
Evaluate 14 + (34 + -1 - (-9 + 0)).
56
What is (-6 + 13 - (-9 - -11)) + 13?
18
14 - (-8 - (25 + (-3 - (11 - 8))))
41
What is 2377 + -2223 + -125 + -2?
27
What is -46 - (-22 - (22 - -48))?
46
Evaluate 12 - ((-8 + -71 - 6) + (11 - 3)).
89
46 - (46 + (-69 - -115))
-46
What is the value of -3 - -1 - (-2 + (-70 - -7 - (3 - 0)))?
66
-29 - -1 - (36 - 102 - -76)
-38
-19 - (9 - (12 - 5) - (13 - 27))
-35
What is the value of 22 + -2 + -300 + 331 + -126?
-75
22 + (82 - (98 - -45))
-39
What is -66 - -1 - (1915 - 1970)?
-10
Calculate (-42 - -14) + -30 - 14 - -27.
-45
Calculate (16 - (3 - 12)) + -15 + -71 - (-2 + -1).
-58
(4 - (-9 - -13) - (37 + -30)) + 12
5
What is the value of (-77 - 0) + 5 - (5 + -37)?
-40
What is (0 - -1 - (15 + 79 + -15)) + 6?
-72
(137 + -1 - (1193 - 1152)) + 17
112
(-6 - -11 - 4 - 13) + 2 + 18
8
What is the value of -37 - (-5 + -5 - 14)?
-13
Evaluate (2 - 11) + -241 + 268 + 24 + -78.
-36
Calculate -15 - ((-18 - -31) + -2 - (-2 - (3 - 16))).
-15
Evaluate -2 + -25 - (23 + -9 + -13 + 16).
-44
Calculate 5 + (-23 - -8) + -12 + (12 - -49) + 0.
39
Evaluate 9 + 1 + (1 - (2 + 2) - (-1113 + 1111)).
9
-29 + (-10 - (63 - 160))
58
22 - (49 + -15 + (36 + -17 - 22))
-9
What is 29 + -1 + (189 - (-35 + 267))?
-15
What is -3 + (0 - -10 - (-45 + 41))?
11
What is (-1 + -28 - (-182 + 173 - 14)) + -46 + -1?
-53
Calculate 81 + (-233 - -222) + (1 - -4).
75
32 - (-9 - -5 - (-2 + (5 + -8 - 0)))
31
Evaluate (-1 - -5) + (-27 - (2 - 0 - -1)).
-26
What is the value of (-14 - -2) + 78 + -176 + 96 + 0 + -9?
-23
Evaluate 900 - 925 - (-1 - -20).
-44
80 + 5 - (17 + -6 + (3 - -3) + -3)
71
Evaluate 30 + -14 + -105 - -47.
-42
(13 - (4 - 2)) + (12 - 36) + 4 - 6
-15
Calculate -1 - (-8 - (-12 + 21 + -3 - 6)) - 19.
-12
Calculate (-28 - (-18 + -8 + 56)) + 3.
-55
What is the value of (-16 - (-33 + 21 + -20)) + 1 + -94?
-77
Evaluate (0 - 2) + 11 - (-36 + (46 - 17)).
16
(-47 - -18) + 81 - (23 + -64)
93
-4 + -14 + (-167 - -159) - -27
1
(31 - (-15 + 17)) + -7
22
What is -13 + (-4 - -3) + (124 - 117)?
-7
What is 5 - (-6 + 18) - (-3 + -8 + 14 - -29)?
-39
12 + -93 + 35 + 49
3
What is -41 + 42 + 57 + -30?
28
What is -23 - 17 - -11 - (4 + 3)?
-36
What is the value of -29 - -1 - ((-28 - -40) + -7)?
-33
What is the value of -80 + (16 - (2 + -25))?
-41
What is (-3 - -8) + 9 - (-16 + 57)?
-27
-28 + -137 + 95 + 24
-46
What is the value of 4 - (21 - (35 + -6)) - (-2 + 17)?
-3
What is (43 - -14 - (3 - (-21 - -3))) + 2 + 1?
39
Evaluate 38 + -19 - ((-1 - 9) + (121 - 119)).
27
What is 80 + -85 - ((140 - 1) + -3 + 8)?
-149
What is 56 - (7 + 4 + 4 + -24)?
65
What is (6 - (2 + -25 + 52)) + 26?
3
What is -39 - ((-28 + (1 - -9) - -18) + 7)?
-46
Calculate 66 - (22 - ((0 - 8) + (85 - 71))).
50
What is -13 + 0 + -7 - (-13 - 38 - -41)?
-10
What is 4 + (-3 - 11) - (-65 + 99 - 7)?
-37
What is 183 - (172 - 130 - (-4 + 0))?
137
Calculate 1 + 4 - 6 - (-13 - -106) - (10 - 23).
-81
(30 - 38) + -35 - (6 - 21)
-28
Evaluate -16 - (5 + -4) - (159 + -260) - -13.
97
Evaluate (1 + -17 - -42) + 77 + 4.
107
What is the value of 371 + -360 + -21 + (1 - -7)?
-2
What is the value of 1 + -20 + 15 - (-2 + (30 - (-2 - 2)))?
-36
120 - (106 - 54) - 26
42
Calculate (-26 - 1) + (-71 - (-278 - -172)).
8
Evaluate 55 - (-9 + -16 + -5) - 30.
55
Evaluate 12 + 2 - (60 + -1 - (-106 + 117)).
-34
What is 7 - (-20 - -25) - (-78 + 12 + -11)?
79
What is the value of (-5 - -1 - -8 - (-21 + 13)) + 9?
21
What is the value of 18 + -14 + -69 - (-11 - (-15 - -3))?
-66
What is 26 + (11 - (-5 - -31) - 15) + (-141 - 1)?
-146
What is the value of -28 - (-29 + (11 - (7 - 10))) - (-60 - -4)?
43
What is the value of 31 + (0 - -25) + 1476 + -1430?
102
Calculate 4 - (14 + -35 + 25 - (2 + 4)) - 42.
-36
Evaluate 143 - (129 + -235 - -333).
-84
What is the value of 57 - (25 + -16 + (-122 - -132) + (1 - 7))?
44
What is -85 + -5 + (-647 - -611)?
-126
0 + -5 + 74 + -41 + -28
0
-35 + (18 - (20 - 5) - -23)
-9
Evaluate -16 - (4 - 1 - (199 - 199)) - 4.
-23
-70 + (0 - 108) + 64
-114
(-24 - -5) + (-5 - 8) + -6
-38
Evaluate -1 - ((-2 - 8) + 15 + -4 + 42 - -4).
-48
Calculate 5 + (-105 + 243 - 60).
83
Evaluate -10 + (2 + 14 - -3) + -1.
8
What is the value of 17 + -130 + 5 + 56?
-52
-4 + -4 - ((-17 - -35) + -9)
-17
(5 - -94) + -969 + 868
-2
What is 7 - -25 - 12 - (14 + (3 - 1)) - 9?
-5
-60 + (-34 - -76) + -4 + 36
14
What is the value of -24 + (-29 + (23 - -17) - (1 - -5))?
-19
Calculate -16 + -1 + (3734 - 3723).
-6
What is the value of 10 + 5 + 0 + -87 - (-15 - (8 + -15))?
-64
Evaluate 53 + 11 + -9 + -10.
45
Calculate -33 + (20 - 8) + (24 - 28).
-25
Evaluate -36 - ((-11 - (-41 + 5)) + 10 + -21).
-50
Calculate (34 - 5) + -213 + 197 - ((-2 - 0) + -21).
36
What is 6 + (63 - 107) + (-4 - -39)?
-3
77 + -1 + -343 + 316
49
Evaluate 15 - ((112 - 23) + 31) - (6 + 1).
-112
7 - (32 - -20) - -21
-24
-21 + (-16 - -14 - -34 - 86)
-75
Evaluate (-61 - (18 - 24)) + (52 - 35).
-38
23 + -13 - ((1 - 11) + (86 - 97))
31
Calculate 9 + (25 - 0) + (6 - 2) + 178 + -176.
40
What is the value of (-39 + (-17 - (-18 - 8)) - -17) + 108?
95
Calculate -5 + 1 - (110 - 86 - 56).
28
43 - (2 - -1 - ((-8 - 9) + (-4 - -27)))
46
What is (56 + -41 - 33) + (-3 - 19)?
-40
What is 5 + (20 + -8 + -8 + -13 - -9)?
5
9 + 66 + -159 + -3 + 18
-69
-2 - (-18 + 21 + (6 + -7 - 4))
0
(4 - 7) + (44 - (5 + (-20 - -34)) - 15)
7
What is -13983 + 13937 + (0 - -59)?
13
Evaluate -83 + (12 - (-19 + 4)).
-56
Evaluate -21 - (3 + 1 - (197 - 191)).
-19
Evaluate (-107 - -107) + (-12 - -37) + 35.
60
What is 63 - (-35 + 35 - (5 + -17))?
51
Calculate 817 + -810 - ((0 - 33) + 1) - -1.
40
What is the value of 4 + 158 + -12 + (-19 - 12) + 14?
133
Evaluate (2330 - 2294) + (2 - 8).
30
What is (2 - 1) + 2 - (-260 + 181) - -6?
88
Calculate -13 - (-15 + -16 - -18) - 18.
-18
What is (3 + -3 - 3) + 0 - (49 + -5 + 5)?
-52
Evaluate (-5 - 4 - -4 - (-151 - -102)) + -12.
32
Calculate 0 - (16 + (11 + -65 - -5 - -7)).
26
What is 9 + (8 + -16 - 3) - 10 - -66?
54
Evaluate -12 - ((-12 - -1 - (12 + -27)) + 10).
-26
Calculate 6 + (2 + -68 - (5 + -2 - -14)).
-77
Calculate 141 + 25 + -15 + (1 - 41).
111
-58 - (-15 + 14 + -12)
-45
Calculate 6 + 10 + 31 + (-9 - 4) + -50.
-16
What is the value of -240 + 250 - (-32 + 5)?
37
Calculate -107 - (41 + -51 - 61).
-36
What is 7 + -31 + 33 - 19?
-10
Calculate -120 + -2 + (2657 - 2619).
-84
Calculate -17 + 10 + (-1 - 5 - (-57 + 37)).
7
-98 + -1 + 7 + -9 + -5 + 22
-84
What is the value of -14 - -73 - ((10 - 18) + 12)?
55
Calculate 29 - (91 + -42) - (26 + 41).
-87
What is (-106 - -43 - 88) + 104?
-47
55 + -